te p(16).
30
Let b(i) = 270*i + 180. Give b(-1).
-90
Let s(f) = 96*f - 1275. Give s(12).
-123
Let q(d) = d**2 - 53*d + 94. Give q(53).
94
Let l(t) = -9*t**2 + 91*t - 7. What is l(10)?
3
Let o(c) = 229*c + 5280. Calculate o(-23).
13
Let y(t) = -9*t**3 - 98*t**2 + 14*t - 10. Calculate y(-11).
-43
Let q(s) = -s**3 - 3*s**2 + 13*s - 29. Calculate q(-6).
1
Let f(y) = -70*y - 418. Calculate f(-6).
2
Let l(v) = 1767*v - 5318. What is l(3)?
-17
Let x(u) = 2852*u + 5722. Determine x(-2).
18
Let n(s) = -58*s**2 + 62*s - 8. Give n(1).
-4
Let s(d) = d**2 - 35*d + 113. Give s(3).
17
Let i(a) = 82*a + 510. What is i(-9)?
-228
Let c(o) = -9*o**2 - 23*o - 16. Determine c(-1).
-2
Let v(k) = 304*k + 3333. What is v(-11)?
-11
Let w(o) = -26*o - 110. What is w(-4)?
-6
Let f(z) = -2*z**2 - 185*z - 2397. Give f(-77).
-10
Let b(m) = -214*m + 91. What is b(1)?
-123
Let k(b) = -b**3 + 15*b**2 - 8*b + 114. What is k(15)?
-6
Let p(o) = o**2 + 26*o + 112. Give p(-6).
-8
Let d(r) = 20*r**3 + 3*r**2 - 134*r + 403. Give d(3).
568
Let x(i) = i**2 - 43*i - 2063. What is x(72)?
25
Let j(f) = 967*f + 13534. Determine j(-14).
-4
Let j(v) = -v**3 - 57*v**2 - 75*v - 1067. Calculate j(-56).
-3
Let w(v) = -v**2 - 34*v - 262. Determine w(-15).
23
Let h(l) = l**3 + 24*l**2 - 22*l + 15. Give h(-25).
-60
Let v(p) = p**2 - 32*p + 251. Give v(21).
20
Let j(y) = y**3 + 25*y**2 + 109*y - 461. Determine j(-17).
-2
Let r(o) = -3*o**3 - 67*o**2 + 55*o - 16. Determine r(-23).
-223
Let t(x) = 101*x**2 + 3*x - 5. What is t(2)?
405
Let h(p) = 379*p - 1902. What is h(5)?
-7
Let y(c) = 2*c**2 - 5140*c - 30889. Calculate y(-6).
23
Let y(w) = -1104*w - 3222. Determine y(-3).
90
Let l(j) = 3*j - 296. Calculate l(70).
-86
Let h(t) = 45*t - 632. Give h(12).
-92
Let y(n) = -59*n - 561. What is y(-10)?
29
Let x(b) = -b**3 + 17*b**2 - 34*b - 42. Determine x(4).
30
Let k(u) = -870*u - 2543. What is k(-3)?
67
Let j(q) = 2*q**2 + 23*q - 22305. Calculate j(100).
-5
Let n(k) = -k**2 + 19*k - 92. What is n(9)?
-2
Let v(s) = -2*s**2 + 39*s + 180. Give v(23).
19
Let x(o) = -343*o - 6175. Determine x(-18).
-1
Let y(v) = -v**3 - 43*v**2 - 42*v - 331. Give y(-42).
-331
Let z(h) = 18*h - 7. Determine z(-16).
-295
Let b(l) = -2962*l - 29609. Determine b(-10).
11
Let u(d) = d**2 + 38*d - 261. What is u(6)?
3
Let y(h) = -h**3 - 35*h**2 - 233*h + 24. Give y(-26).
-2
Let b(c) = -55*c - 74. Determine b(0).
-74
Let i(d) = -3*d**3 + 111*d**2 - 3*d + 23. What is i(37)?
-88
Let a(g) = 71*g + 1998. Determine a(-29).
-61
Let q(l) = -l**2 - 52*l - 637. Determine q(-15).
-82
Let a(s) = -189*s - 3371. Determine a(-18).
31
Let v(a) = a**3 + 36*a**2 - 3*a - 102. Give v(-36).
6
Let x(c) = -64*c - 28. Determine x(3).
-220
Let x(s) = 36*s - 1218. What is x(33)?
-30
Let x(v) = 14*v + 605. Determine x(-38).
73
Let f(u) = 2*u**2 - 61*u + 146. Determine f(29).
59
Let g(w) = 2*w**2 - 121*w + 250. Calculate g(2).
16
Let i(b) = -76*b + 976. Give i(14).
-88
Let v(d) = d**3 - 34*d**2 - 44*d + 165. What is v(35)?
-150
Let r(l) = 2*l**3 + 208*l**2 + 2*l + 249. Determine r(-104).
41
Let r(l) = 2*l**3 - 49*l**2 - 38*l + 336. Calculate r(25).
11
Let k(z) = z**3 - 8*z**2 - 6*z + 4. Give k(7).
-87
Let i(z) = -z**3 + 489*z**2 - 26*z + 12720. What is i(489)?
6
Let w(l) = -4*l**2 + 133*l + 99. Calculate w(34).
-3
Let f(r) = -50*r + 1956. What is f(39)?
6
Let s(j) = -20*j**2 - 9*j - 48. Determine s(-2).
-110
Let f(s) = -s**2 + 45*s - 84. Give f(43).
2
Let o(p) = 88*p**3 - 2*p**2 - p + 1. What is o(-1)?
-88
Let l(o) = -8*o + 14. Give l(-26).
222
Let j(x) = 48*x**3 + x**2 - 5*x + 5. Calculate j(2).
383
Let l(h) = 2971*h - 5954. What is l(2)?
-12
Let j(n) = 2*n**2 + 27*n - 17. Calculate j(-15).
28
Let k(j) = -32*j**3 - 3*j**2 - 28*j + 60. What is k(2)?
-264
Let m(p) = -p**2 - 61*p - 496. Calculate m(-59).
-378
Let y(g) = 81*g + 9. Calculate y(1).
90
Let l(z) = 5*z**3 - z**2 - 4*z + 9. Determine l(-3).
-123
Let j(x) = 11*x - 1140. What is j(34)?
-766
Let f(c) = -5*c**2 - 49*c - 77. Give f(-6).
37
Let u(o) = 143*o + 14. Give u(-2).
-272
Let r(p) = -8*p**2 + 23*p. Give r(6).
-150
Let p(a) = 7*a**3 + 53*a**2 + 21*a - 1. Calculate p(-4).
315
Let d(t) = t**3 - 11*t**2 + 10*t - 1. What is d(8)?
-113
Let u(d) = d**2 - 46*d - 528. Calculate u(-11).
99
Let h(o) = 5*o - 89. Give h(7).
-54
Let i(h) = -h**2 - 5*h + 500. What is i(20)?
0
Let i(v) = -23*v - 284. Give i(15).
-629
Let h(p) = -p**2 - 50*p - 219. Give h(-5).
6
Let h(l) = 46*l**2 - 6025*l - 141. Calculate h(131).
-10
Let k(a) = a**3 - 131*a**2 - 543*a + 405. What is k(135)?
0
Let f(r) = -r**3 + 28*r**2 - 56*r + 5. Give f(26).
-99
Let p(y) = y**2 + 8*y + 3. Give p(-5).
-12
Let w(d) = -d**3 + 39*d**2 - 73*d - 62. Determine w(37).
-25
Let m(q) = -73*q + 147. Calculate m(2).
1
Let t(p) = -22*p + 163. What is t(19)?
-255
Let s(v) = -3*v**2 + 67*v + 78. What is s(20)?
218
Let p(u) = -226*u - 7916. Determine p(-35).
-6
Let c(w) = 36*w - 243. What is c(8)?
45
Let c(i) = 55*i + 624. What is c(-11)?
19
Let z(g) = 118*g + 1383. What is z(-12)?
-33
Let a(n) = -n**2 + 28*n - 174. What is a(19)?
-3
Let n(h) = -235*h - 3992. What is n(-17)?
3
Let u(k) = -k**3 - 19*k**2 - 13*k + 89. Give u(-18).
-1
Let f(g) = 3029*g + 30284. What is f(-10)?
-6
Let l(k) = 4*k**3 + 12*k**2 - 85*k - 179. Give l(-2).
7
Let z(u) = -8*u**2 + 26*u + 2. Calculate z(4).
-22
Let o(z) = 4*z + 43. Calculate o(-7).
15
Let d(i) = i**2 - 220*i + 1495. Determine d(7).
4
Let k(s) = -11*s - 38. What is k(-10)?
72
Let f(c) = -c**3 + 18*c**2 + 58*c + 123. Give f(21).
18
Let g(b) = -3*b**3 - 9*b**2 - 4*b - 55. Calculate g(-4).
9
Let n(j) = -175*j + 35166. What is n(201)?
-9
Let x(i) = i**3 - 16*i**2 + 5*i - 329. Determine x(16).
-249
Let j(l) = 13*l**3 - 2*l**2 + 15*l + 1. Give j(-3).
-413
Let u(l) = -l**3 + 33*l**2 - 49*l + 536. Give u(32).
-8
Let j(p) = 2*p**2 - 30*p - 44. Give j(16).
-12
Let h(x) = x**3 + 14*x**2 + 34*x + 64. Give h(-10).
124
Let z(s) = -2130*s + 4265. What is z(2)?
5
Let m(a) = -2*a**2 + 17*a + 336. What is m(-11)?
-93
Let f(x) = 2611*x + 88775. Determine f(-34).
1
Let p(c) = -c**2 - 11*c + 1243. What is p(31)?
-59
Let o(n) = 847*n + 4030. Determine o(-5).
-205
Let j(d) = 2*d**2 - 60*d - 75. Calculate j(31).
-13
Let m(i) = 26*i + 293. What is m(-13)?
-45
Let t(x) = 8*x**2 - 5*x - 13. What is t(-2)?
29
Let q(n) = -1289*n + 6450. Give q(5).
5
Let p(b) = 15*b**2 - 94*b + 20. What is p(6)?
-4
Let g(u) = 38*u - 51. Calculate g(10).
329
Let b(m) = -155*m**2 - 6*m + 7. Determine b(1).
-154
Let k(v) = 293*v + 2330. Calculate k(-8).
-14
Let i(g) = -2*g**2 - 39*g - 121. What is i(-16)?
-9
Let o(j) = -11813*j + 82683. Give o(7).
-8
Let f(i) = 2*i**3 - 94*i**2 + 95*i - 130. Give f(46).
8
Let a(c) = c**3 + 28*c**2 + 188*c - 79. What is a(-11)?
-90
Let l(k) = 35*k**2 + 28*k - 8. Calculate l(-3).
223
Let h(l) = 2*l**3 + 8*l**2 + 765*l + 3876. Calculate h(-5).
1
Let l(i) = 429*i - 2583. Determine l(6).
-9
Let b(w) = 135*w - 516. Determine b(4).
24
Let k(v) = -83*v**2 + 14*v + 14. Calculate k(-1).
-83
Let a(m) = m**3 - 43*m**2 + 2*m - 30. What is a(43)?
56
Let l(k) = 15*k**2 - 130*k - 194. Give l(10).
6
Let d(v) = v**3 - 20*v**2 + 6*v - 99. Determine d(20).
21
Let k(v) = v**3 + 52*v**2 - 184*v - 94. Determine k(-55).
951
Let b(y) = 2*y**3 - 3*y**2 + 19*y + 21. Calculate b(-1).
-3
Let l(d) = -12*d**3 - 6*d**2 - 3*d + 8. Calculate l(-2).
86
Let c(g) = -47*g - 453. Give c(-17).
346
Let n(s) = s**3 - 8*s**2 - 16*s + 100. Determine n(4).
-28
Let z(l) = 112*l - 1415. Calculate z(13).
41
Let s(r) = 35*r - 929. Give s(25).
-54
Let w(c) = -c**3 + 14*c**2 - 25*c + 16. Determine w(12).
4
Let k(a) = 13*a - 106. Calculate k(10).
24
Let a(k) = -k**2 - 5*k + 298. Determine a(15).
-2
Let f(d) = -44*d - 1233. Give f(-28).
-1
Let j(y) = -3*y**2 + 11*y + 210. Calculate j(-9).
-132
Let g(j) = 2*j**2 - 54*j + 114. Calculate g(21).
-138
Let m(o) = -o**2 + 6060*o + 66779. Calculate m(-11).
-2
Let c(o) = -2*o**3 - 70*o**2 - 71*o - 75. Determine c(-34).
27
Let k(h) = -h**3 + 135*h**2 + 266*h + 603. Give k(137).
-493
Let d(t) = t**3 - 26*t**2 + 24*t - 3. Determine d(25).
-28
Let b(q) = -8*q**2 - 109*q - 107. Calculate b(-1).
-6
Let a(m) = m**3 - 12*m**2 + 4*m - 223. What is a(13)?
-2
Let d(v) = v**2 - 125*v - 1790. What is d(-13)?
4
Let v(l) = -37*l**3 + 101*l**2 + 40*l - 20. Give v(